{"id":7628,"date":"2021-04-27T18:02:20","date_gmt":"2021-04-27T21:02:20","guid":{"rendered":"http:\/\/www.zocalo.cl\/gatos\/?page_id=7628"},"modified":"2021-06-07T10:37:12","modified_gmt":"2021-06-07T13:37:12","slug":"milo","status":"publish","type":"page","link":"https:\/\/www.zocalo.cl\/gatos\/?page_id=7628","title":{"rendered":"Milo"},"content":{"rendered":"\n<div class=\"wp-block-image\"><figure class=\"alignright size-large\"><img decoding=\"async\" loading=\"lazy\" width=\"200\" height=\"200\" src=\"https:\/\/www.zocalo.cl\/gatos\/wp-content\/uploads\/2021\/04\/milo.jpg\" alt=\"\" class=\"wp-image-7634\" srcset=\"https:\/\/www.zocalo.cl\/gatos\/wp-content\/uploads\/2021\/04\/milo.jpg 200w, https:\/\/www.zocalo.cl\/gatos\/wp-content\/uploads\/2021\/04\/milo-150x150.jpg 150w\" sizes=\"(max-width: 200px) 100vw, 200px\" \/><\/figure><\/div>\n\n\n\n<p><strong>Fecha de nacimiento:<br><\/strong>Alg\u00fan d\u00eda de noviembre del 2012. Me encontraron cerca del Puente Bulnes, yo ten\u00eda apenas un mes de vida.<\/p>\n\n\n\n<p><strong>Estado civil:<\/strong><br>Solter&#8230; ah?<\/p>\n\n\n\n<p><strong>RUF:<br><\/strong>20.574.381-k<\/p>\n\n\n\n<p><strong>Direcci\u00f3n:<\/strong><br>Un lindo departamento con vista a la cordillera.<\/p>\n\n\n\n<p><strong>Fono:<\/strong><br>Qu\u00e9 es eso?<\/p>\n\n\n\n<p><strong>Email:<\/strong><br>\u00bfAh?<\/p>\n\n\n\n<p><strong>Comida favorita:<\/strong><br>Todo&#8230; antes no me gustaba el pescado ni la comida cruda, ahora como de toooodo.<\/p>\n\n\n\n<p><strong>Arena Favorita:<\/strong><br>La que usan los otros 5.<\/p>\n\n\n\n<p><strong>Actividad favorita:<\/strong><br>Maullar por toda la casa exigiendo atenci\u00f3n.<\/p>\n\n\n\n<p><strong>Mi mayor placer:<br><\/strong>Morder cuando me hacen cari\u00f1o.<\/p>\n\n\n\n<p><strong><a href=\"https:\/\/www.zocalo.cl\/gatos\/?cat=131\" data-type=\"URL\" data-id=\"https:\/\/www.zocalo.cl\/gatos\/?cat=131\">Estas son mis historias y aventuras: Milo<\/a><\/strong><\/p>\n","protected":false},"excerpt":{"rendered":"<p>Fecha de nacimiento:Alg\u00fan d\u00eda de noviembre del 2012. Me encontraron cerca del Puente Bulnes, yo ten\u00eda apenas un mes de vida. Estado civil:Solter&#8230; ah? RUF:20.574.381-k Direcci\u00f3n:Un lindo departamento con vista a la cordillera. Fono:Qu\u00e9 es eso? Email:\u00bfAh? Comida favorita:Todo&#8230; antes no me gustaba el pescado ni la comida cruda, ahora como de toooodo. Arena Favorita:La [&hellip;]<\/p>\n","protected":false},"author":2,"featured_media":0,"parent":0,"menu_order":0,"comment_status":"closed","ping_status":"closed","template":"","meta":{"footnotes":""},"_links":{"self":[{"href":"https:\/\/www.zocalo.cl\/gatos\/index.php?rest_route=\/wp\/v2\/pages\/7628"}],"collection":[{"href":"https:\/\/www.zocalo.cl\/gatos\/index.php?rest_route=\/wp\/v2\/pages"}],"about":[{"href":"https:\/\/www.zocalo.cl\/gatos\/index.php?rest_route=\/wp\/v2\/types\/page"}],"author":[{"embeddable":true,"href":"https:\/\/www.zocalo.cl\/gatos\/index.php?rest_route=\/wp\/v2\/users\/2"}],"replies":[{"embeddable":true,"href":"https:\/\/www.zocalo.cl\/gatos\/index.php?rest_route=%2Fwp%2Fv2%2Fcomments&post=7628"}],"version-history":[{"count":0,"href":"https:\/\/www.zocalo.cl\/gatos\/index.php?rest_route=\/wp\/v2\/pages\/7628\/revisions"}],"wp:attachment":[{"href":"https:\/\/www.zocalo.cl\/gatos\/index.php?rest_route=%2Fwp%2Fv2%2Fmedia&parent=7628"}],"curies":[{"name":"wp","href":"https:\/\/api.w.org\/{rel}","templated":true}]}}