{"id":387,"date":"2009-01-07T08:54:55","date_gmt":"2009-01-07T12:54:55","guid":{"rendered":"http:\/\/www.zocalo.cl\/brujita\/?page_id=387"},"modified":"2020-08-24T00:14:38","modified_gmt":"2020-08-24T03:14:38","slug":"de-utilidad-publica-el-regalo-ideal","status":"publish","type":"page","link":"https:\/\/www.zocalo.cl\/brujita\/brujerias-varias\/astrologia\/horoscopos-con-humor\/de-utilidad-publica-el-regalo-ideal\/","title":{"rendered":"De utilidad p\u00fablica: el regalo ideal"},"content":{"rendered":"<p><img loading=\"lazy\" decoding=\"async\" style=\"margin: 2px;\" src=\"https:\/\/www.zocalo.cl\/brujita\/brujerias\/aries.gif\" alt=\"\" width=\"43\" height=\"43\"><strong>ARIES<\/strong>:              de tan impaciente y acelerado, se da estrellones en su pobre cabeza;              entonces qu\u00e9 mejor que regalarle un casco ultra resistente              y reforzado&#8230;\u00a1ah! y por si no le sirve de mucho, que tenga              una abertura en la boca para tomarse una aspirina, o algo m\u00e1s              en\u00e9rgico.<\/p>\n<p><img loading=\"lazy\" decoding=\"async\" style=\"margin: 2px;\" src=\"https:\/\/www.zocalo.cl\/brujita\/brujerias\/tauro.gif\" alt=\"\" width=\"44\" height=\"40\"><strong>TAURO<\/strong>:              supongo que recuerdan que este personaje suele enojarse, ver rojo              y llevarse por delante a cualquiera que ose atravesarse en su camino&#8230;              \u00bfles tinca regalarle un par de anteojos que lo conviertan en              dalt\u00f3nico y no vea nunca m\u00e1s el dichoso color?<\/p>\n<p><img loading=\"lazy\" decoding=\"async\" style=\"margin: 2px;\" src=\"https:\/\/www.zocalo.cl\/brujita\/brujerias\/geminis.gif\" alt=\"\" width=\"44\" height=\"38\"><strong>G\u00c9MINIS<\/strong>:              como este personaje es de personalidades m\u00faltiples, tambi\u00e9n              son varios los regalos \u00fatiles: por ejemplo una libreta de notas              para que recuerde sus citas&#8230; y una cinta para que se amarre el dedo              y no olvide que tiene una libreta de notas&#8230;<\/p>\n<p><img loading=\"lazy\" decoding=\"async\" style=\"margin: 2px;\" src=\"https:\/\/www.zocalo.cl\/brujita\/brujerias\/cancer.gif\" alt=\"\" width=\"43\" height=\"44\"><strong>C\u00c1NCER<\/strong>:              con sus depresiones lunares y sus llantos repentinos moja a cualquiera              que tenga cerca, por tanto ser\u00eda \u00fatil un impermeable              multiuso para aquel pobre mortal que debe soportar inundaciones frecuentes.<\/p>\n<p><img loading=\"lazy\" decoding=\"async\" style=\"margin: 2px;\" src=\"https:\/\/www.zocalo.cl\/brujita\/brujerias\/leo.gif\" alt=\"\" width=\"43\" height=\"46\"><strong>LEO<\/strong>:              definitivamente el regalo \u00fatil es un extintor super potente,              que deber\u00e1n usar sus semejantes para apagar las inflamaciones              repentinas del ego leonino&#8230; no vayan a sufrir quemaduras graves              en su contacto con el rey de la selva.<\/p>\n<p><img loading=\"lazy\" decoding=\"async\" src=\"https:\/\/www.zocalo.cl\/brujita\/brujerias\/virgo.gif\" alt=\"\" width=\"38\" height=\"45\"><strong>VIRGO<\/strong>:              apuesto que piensan que el regalo \u00fatil de estos prolijos personajes              es un cintur\u00f3n de castidad reforzado y con chapa de seguridad&#8230;.              mmm, yo dir\u00eda que el mejor regalo es la llave de la cerradura              del cintur\u00f3n&#8230;<\/p>\n<p><img loading=\"lazy\" decoding=\"async\" style=\"margin: 2px;\" src=\"https:\/\/www.zocalo.cl\/brujita\/brujerias\/libra.gif\" alt=\"\" width=\"43\" height=\"41\"><strong>LIBRA<\/strong>:              para estos indecisos personajes el regalo es de lo m\u00e1s f\u00e1cil:              una simple moneda para que puedan tomar r\u00e1pidas decisiones              mediante el a\u00f1ejo juego del cara o sello&#8230; \u00bfo ser\u00eda              mejor un dado que les de seis soluciones en vez de dos?<\/p>\n<p><img loading=\"lazy\" decoding=\"async\" style=\"margin: 2px;\" src=\"https:\/\/www.zocalo.cl\/brujita\/brujerias\/escorpion.gif\" alt=\"\" width=\"39\" height=\"44\"><strong>ESCORPI\u00d3N<\/strong>:              mmm&#8230;. veamos, \u00e9ste es un ser dominante, y que suele clavar              su mortal aguij\u00f3n en el indefenso cuerpo de quienes lo hacen              enojar&#8230; \u00a1ya s\u00e9!, un frasco de ant\u00eddoto para              las pobres v\u00edctimas.<\/p>\n<p><img loading=\"lazy\" decoding=\"async\" style=\"margin: 2px;\" src=\"https:\/\/www.zocalo.cl\/brujita\/brujerias\/sagitario.gif\" alt=\"\" width=\"43\" height=\"41\"><strong>SAGITARIO<\/strong>:              este regalo tambi\u00e9n es f\u00e1cil: pastillas de ubicatex              y tambi\u00e9n otras anticondoros&#8230; a ver si as\u00ed dejan de              meter las patas a cada rato&#8230; claro que adem\u00e1s ser\u00eda              \u00fatil un frasco de pegamento multiuso para reparar las cosas              que quiebran.<\/p>\n<p><img loading=\"lazy\" decoding=\"async\" src=\"https:\/\/www.zocalo.cl\/brujita\/brujerias\/capricornio.gif\" alt=\"\" width=\"43\" height=\"42\"><strong>CAPRICORNIO<\/strong>:              a estos personajes tan poco expresivos ser\u00eda de extrema utilidad              regalarles un curso r\u00e1pido de entrenamiento de los m\u00fasculos              faciales, para que el resto de los mortales podamos distinguir cu\u00e1ndo              est\u00e1n tristes y cu\u00e1ndo alegres.<\/p>\n<p><img loading=\"lazy\" decoding=\"async\" style=\"margin: 2px;\" src=\"https:\/\/www.zocalo.cl\/brujita\/brujerias\/acuario.gif\" alt=\"\" width=\"43\" height=\"44\"><strong>ACUARIO<\/strong>:              con un ser tan vol\u00e1til y volado lo \u00fanico que se puede              hacer es regalarle una de esas bolas de fierro que usan los presos,              para que se le amarre a un pie y no salga volando a la menor provocaci\u00f3n&#8230;              tambi\u00e9n servir\u00eda un ancla&#8230;<\/p>\n<p><img loading=\"lazy\" decoding=\"async\" style=\"margin: 2px;\" src=\"https:\/\/www.zocalo.cl\/brujita\/brujerias\/piscis.gif\" alt=\"\" width=\"40\" height=\"43\"><strong>PISCIS<\/strong>:              con el cuento de que este pobre sujeto est\u00e1 compuesto de dos              pececillos que nadan en direcciones contrarias, lo m\u00e1s \u00fatil              es regalarle todo un equipo de pescar para que de una vez por todas              logre atrapar al que nada siempre para arriba.<\/p>\n<p style=\"text-align: center;\"><a href=\"https:\/\/www.zocalo.cl\/brujita\/?page_id=359\">volver a hor\u00f3scopos<\/a><\/p>\n","protected":false},"excerpt":{"rendered":"<p>ARIES: de tan impaciente y acelerado, se da estrellones en su pobre cabeza; entonces qu\u00e9 mejor que regalarle un casco ultra resistente y reforzado&#8230;\u00a1ah! y por si no le sirve de mucho, que tenga una abertura en la boca para<\/p>\n","protected":false},"author":1,"featured_media":0,"parent":359,"menu_order":5,"comment_status":"closed","ping_status":"closed","template":"","meta":{"ngg_post_thumbnail":0,"_joinchat":[],"footnotes":""},"class_list":["post-387","page","type-page","status-publish","hentry"],"_links":{"self":[{"href":"https:\/\/www.zocalo.cl\/brujita\/wp-json\/wp\/v2\/pages\/387","targetHints":{"allow":["GET"]}}],"collection":[{"href":"https:\/\/www.zocalo.cl\/brujita\/wp-json\/wp\/v2\/pages"}],"about":[{"href":"https:\/\/www.zocalo.cl\/brujita\/wp-json\/wp\/v2\/types\/page"}],"author":[{"embeddable":true,"href":"https:\/\/www.zocalo.cl\/brujita\/wp-json\/wp\/v2\/users\/1"}],"replies":[{"embeddable":true,"href":"https:\/\/www.zocalo.cl\/brujita\/wp-json\/wp\/v2\/comments?post=387"}],"version-history":[{"count":0,"href":"https:\/\/www.zocalo.cl\/brujita\/wp-json\/wp\/v2\/pages\/387\/revisions"}],"up":[{"embeddable":true,"href":"https:\/\/www.zocalo.cl\/brujita\/wp-json\/wp\/v2\/pages\/359"}],"wp:attachment":[{"href":"https:\/\/www.zocalo.cl\/brujita\/wp-json\/wp\/v2\/media?parent=387"}],"curies":[{"name":"wp","href":"https:\/\/api.w.org\/{rel}","templated":true}]}}