{"id":221,"date":"2008-12-23T14:43:19","date_gmt":"2008-12-23T18:43:19","guid":{"rendered":"http:\/\/www.zocalo.cl\/brujita\/?page_id=221"},"modified":"2016-12-30T21:05:31","modified_gmt":"2016-12-31T00:05:31","slug":"capricornio","status":"publish","type":"page","link":"https:\/\/www.zocalo.cl\/brujita\/brujerias-varias\/astrologia\/signos-del-zodiaco\/capricornio\/","title":{"rendered":"Capricornio"},"content":{"rendered":"<figure style=\"width: 80px\" class=\"wp-caption alignright\"><img loading=\"lazy\" decoding=\"async\" style=\"border: 0pt none; margin: 2px;\" src=\"https:\/\/www.zocalo.cl\/brujita\/brujerias\/capricorn2.gif\" border=\"0\" alt=\"Capricornio\" width=\"80\" height=\"80\" \/><figcaption class=\"wp-caption-text\">Capricornio<\/figcaption><\/figure>\n<h2>la cabra, signo de tierra<\/h2>\n<p><strong>Caracter\u00edsticas generales:<\/strong><\/p>\n<p>Es pr\u00e1ctico, cauteloso, ambicioso y responsable. Met\u00f3dico para trabajar, con mucha paciencia pero ingenioso. Frente a las frustraciones u obst\u00e1culos tiene suficiente paciencia porque su naturaleza est\u00e1 condicionada a ellos. Posee control de s\u00ed mismo, es perseverante y adopta una actitud seria hacia la vida. Es prudente y le agrada planificar cuidadosa y serenamente los pasos a dar para conseguir el \u00e9xito de sus ambiciones. Es de trabajar duro, con lentitud pero con seguridad; adem\u00e1s posee concentraci\u00f3n y laboriosidad. As\u00ed es como vence, a pesar de todos los obst\u00e1culos. Es tambi\u00e9n my conservador, concreto, nada so\u00f1ador y lo que obtiene en la vida es ganado a costa de esfuerzo y trabajo, no por tener suerte. No es original ni creativo, m\u00e1s bien tomar\u00e1 una idea ya existente, d\u00e1ndole alg\u00fan uso pr\u00e1ctico y quiz\u00e1s hasta haga fortuna con eso. Mentalmente es fr\u00edo y calculador; es exigente, serio, racional, con mucho sentido com\u00fan. En el amor adem\u00e1s es precavido. Antes de tomar la determinaci\u00f3n y responsabilidad del matrimonio, desea estar bien seguro de su elecci\u00f3n. Fiel y conservador en el afecto; serio.<\/p>\n<p><strong>Defectos:<\/strong><\/p>\n<p>Actitud muy utilitaria o materialista ante la vida; conducta muy dura hacia la gente joven. La exagerada puntualidad y orden pueden ser una raz\u00f3n para estar siempre descontento y rega\u00f1ar constantemente. Tambi\u00e9n ego\u00edsmo, estrechez de miras, crueldad, cr\u00edtica, insensibilidad. La econom\u00eda puede hacerlo pobre o miserable. Puede ser pesimista, un aguafiestas, lament\u00e1ndose innecesariamente. Tiende a \u00abdoblar la rodilla\u00bb y ser demasiado acomodaticio para conseguir su posici\u00f3n.<\/p>\n<table style=\"width: 85%;\" border=\"0\" cellspacing=\"0\" cellpadding=\"2\" align=\"center\">\n<tbody>\n<tr align=\"center\">\n<td width=\"25%\" bordercolor=\"#000000\"><a href=\"https:\/\/www.zocalo.cl\/brujita\/?page_id=198\"><img loading=\"lazy\" decoding=\"async\" src=\"https:\/\/www.zocalo.cl\/brujita\/brujerias\/aries2.gif\" border=\"0\" alt=\"aries\" width=\"80\" height=\"80\" \/><br \/>\naries<\/a><\/td>\n<td width=\"25%\"><a href=\"https:\/\/www.zocalo.cl\/brujita\/?page_id=200\" target=\"_self\"><img loading=\"lazy\" decoding=\"async\" src=\"https:\/\/www.zocalo.cl\/brujita\/brujerias\/taurus2.gif\" border=\"0\" alt=\"tauro\" width=\"80\" height=\"80\" \/><br \/>\ntauro <\/a><\/td>\n<td width=\"25%\"><a href=\"https:\/\/www.zocalo.cl\/brujita\/?page_id=202\" target=\"_self\"><img loading=\"lazy\" decoding=\"async\" src=\"https:\/\/www.zocalo.cl\/brujita\/brujerias\/gemini2.gif\" border=\"0\" alt=\"G\u00e9minis\" width=\"80\" height=\"80\" \/><br \/>\ng\u00e9minis <\/a><\/td>\n<td width=\"25%\"><a href=\"https:\/\/www.zocalo.cl\/brujita\/?page_id=208\"><img loading=\"lazy\" decoding=\"async\" class=\"aligncenter\" style=\"border: 0px;\" src=\"https:\/\/www.zocalo.cl\/brujita\/brujerias\/cancer2.gif\" border=\"0\" alt=\"C\u00e1ncer\" width=\"80\" height=\"80\" \/>c\u00e1ncer <\/a><\/td>\n<\/tr>\n<tr align=\"center\">\n<td width=\"8%\"><a href=\"https:\/\/www.zocalo.cl\/brujita\/?page_id=211\" target=\"_self\"><img loading=\"lazy\" decoding=\"async\" src=\"https:\/\/www.zocalo.cl\/brujita\/brujerias\/leo2.gif\" border=\"0\" alt=\"Leo\" width=\"80\" height=\"80\" \/><br \/>\nleo <\/a><\/td>\n<td width=\"8%\"><a href=\"https:\/\/www.zocalo.cl\/brujita\/?page_id=213\" target=\"_self\"><img loading=\"lazy\" decoding=\"async\" src=\"https:\/\/www.zocalo.cl\/brujita\/brujerias\/virgo2.gif\" border=\"0\" alt=\"Virgo\" width=\"80\" height=\"80\" \/><br \/>\nvirgo <\/a><\/td>\n<td width=\"8%\"><a href=\"https:\/\/www.zocalo.cl\/brujita\/?page_id=215\" target=\"_self\"><img loading=\"lazy\" decoding=\"async\" src=\"https:\/\/www.zocalo.cl\/brujita\/brujerias\/libra2.gif\" border=\"0\" alt=\"Libra\" width=\"80\" height=\"80\" \/><br \/>\nlibra <\/a><\/td>\n<td width=\"1%\"><a href=\"https:\/\/www.zocalo.cl\/brujita\/?page_id=217\" target=\"_self\"><img loading=\"lazy\" decoding=\"async\" src=\"https:\/\/www.zocalo.cl\/brujita\/brujerias\/scorpio2.gif\" border=\"0\" alt=\"Escorpi\u00f3n\" width=\"80\" height=\"80\" \/><br \/>\nescorpi\u00f3n <\/a><\/td>\n<\/tr>\n<tr align=\"center\">\n<td width=\"8%\" height=\"94\"><a href=\"https:\/\/www.zocalo.cl\/brujita\/?page_id=219\"><img loading=\"lazy\" decoding=\"async\" class=\"aligncenter\" style=\"border: 0px;\" src=\"https:\/\/www.zocalo.cl\/brujita\/brujerias\/sagittarius2.gif\" border=\"0\" alt=\"Sagitario\" width=\"80\" height=\"80\" \/><\/a><a href=\"https:\/\/www.zocalo.cl\/brujita\/?page_id=219\" target=\"_self\">sagitario<\/a><\/td>\n<td width=\"8%\" height=\"94\"><a href=\"https:\/\/www.zocalo.cl\/brujita\/?page_id=221\" target=\"_self\"><img loading=\"lazy\" decoding=\"async\" src=\"https:\/\/www.zocalo.cl\/brujita\/brujerias\/capricorn2.gif\" border=\"0\" alt=\"Capricornio\" width=\"80\" height=\"80\" \/><br \/>\ncapricornio<\/a><\/td>\n<td width=\"8%\" height=\"94\"><a href=\"https:\/\/www.zocalo.cl\/brujita\/?page_id=224\" target=\"_self\"><img loading=\"lazy\" decoding=\"async\" src=\"https:\/\/www.zocalo.cl\/brujita\/brujerias\/aquarius2.gif\" border=\"0\" alt=\"Acuario\" width=\"80\" height=\"80\" \/><br \/>\nacuario <\/a><\/td>\n<td width=\"1%\" height=\"94\"><a href=\"https:\/\/www.zocalo.cl\/brujita\/?page_id=226\" target=\"_self\"><img loading=\"lazy\" decoding=\"async\" src=\"https:\/\/www.zocalo.cl\/brujita\/brujerias\/pisces2.gif\" border=\"0\" alt=\"Piscis\" width=\"80\" height=\"80\" \/><br \/>\npiscis <\/a><\/td>\n<\/tr>\n<\/tbody>\n<\/table>\n","protected":false},"excerpt":{"rendered":"<p>la cabra, signo de tierra Caracter\u00edsticas generales: Es pr\u00e1ctico, cauteloso, ambicioso y responsable. Met\u00f3dico para trabajar, con mucha paciencia pero ingenioso. Frente a las frustraciones u obst\u00e1culos tiene suficiente paciencia porque su naturaleza est\u00e1 condicionada a ellos. Posee control de<\/p>\n","protected":false},"author":1,"featured_media":0,"parent":196,"menu_order":10,"comment_status":"closed","ping_status":"closed","template":"","meta":{"ngg_post_thumbnail":0,"_joinchat":[],"footnotes":""},"class_list":["post-221","page","type-page","status-publish","hentry"],"_links":{"self":[{"href":"https:\/\/www.zocalo.cl\/brujita\/wp-json\/wp\/v2\/pages\/221","targetHints":{"allow":["GET"]}}],"collection":[{"href":"https:\/\/www.zocalo.cl\/brujita\/wp-json\/wp\/v2\/pages"}],"about":[{"href":"https:\/\/www.zocalo.cl\/brujita\/wp-json\/wp\/v2\/types\/page"}],"author":[{"embeddable":true,"href":"https:\/\/www.zocalo.cl\/brujita\/wp-json\/wp\/v2\/users\/1"}],"replies":[{"embeddable":true,"href":"https:\/\/www.zocalo.cl\/brujita\/wp-json\/wp\/v2\/comments?post=221"}],"version-history":[{"count":0,"href":"https:\/\/www.zocalo.cl\/brujita\/wp-json\/wp\/v2\/pages\/221\/revisions"}],"up":[{"embeddable":true,"href":"https:\/\/www.zocalo.cl\/brujita\/wp-json\/wp\/v2\/pages\/196"}],"wp:attachment":[{"href":"https:\/\/www.zocalo.cl\/brujita\/wp-json\/wp\/v2\/media?parent=221"}],"curies":[{"name":"wp","href":"https:\/\/api.w.org\/{rel}","templated":true}]}}