{"id":138,"date":"2008-12-23T12:58:30","date_gmt":"2008-12-23T15:58:30","guid":{"rendered":"http:\/\/www.zocalo.cl\/brujita\/?page_id=138"},"modified":"2020-08-24T12:17:31","modified_gmt":"2020-08-24T15:17:31","slug":"historia-de-este-sitio","status":"publish","type":"page","link":"https:\/\/www.zocalo.cl\/brujita\/historia-de-este-sitio\/","title":{"rendered":"Historia del sitio"},"content":{"rendered":"<p>Por si te interesa, te cuento que empec\u00e9 a trabajar en mi sitio el 4 de febrero de 1999, y lo puse en circulaci\u00f3n el 28 del mismo mes de ese supuesto \u00faltimo a\u00f1o del siglo, en Geocities, hogar de todos los cibernautas sin $$$.<\/p>\n<figure style=\"width: 250px\" class=\"wp-caption aligncenter\"><img loading=\"lazy\" decoding=\"async\" src=\"https:\/\/www.zocalo.cl\/brujita\/imagenes\/sitio1.jpg\" alt=\"Versi\u00f3n 1.0\" width=\"250\" height=\"188\"><figcaption class=\"wp-caption-text\">Versi\u00f3n 1.0, 1999<\/figcaption><\/figure>\n<p>Me demor\u00e9 un poco m\u00e1s de 3 semanas en construirlo entero, desde escribir los textos hasta generar la gr\u00e1fica completa. Mi pareja de entonces&nbsp; me ayud\u00f3 en todas las complicaciones, y me ense\u00f1\u00f3 html (yo no ten\u00eda idea alguna), adem\u00e1s de pasarme el programa en el que la hice, el Dreamweaver 2.<br \/>\nUn amigo me prest\u00f3 scanner y software para reconocer textos, lo que me evit\u00f3 pasarme d\u00edas enteros tecleando y tecleando. El dise\u00f1o era con frames y ten\u00eda un midi de la m\u00fasica de Pe Wee Herman. Y ten\u00eda unos sistemas de lecturas b\u00e1sicos&#8230; que igual me copiaron en un sitio espa\u00f1ol, en el que ni siquiera cambiaron mis chilenismos de escritura&#8230;<br \/>\nEn abril del 2000 la primera versi\u00f3n de este sitio gan\u00f3 el 2\u00ba lugar en el concurso de p\u00e1ginas personales de la revista Punto Net, con lo que me gan\u00e9 un personal est\u00e9reo.<\/p>\n<p>Durante el 2001 me dediqu\u00e9 a limpiar y remozar el sitio, limpi\u00e9 todo el HTML (que era un asco), e incorpor\u00e9 las cascadas de estilo sin cambiar nada de la apariencia gr\u00e1fica. Esa fue la versi\u00f3n 2.0.<br \/>\nEso s\u00ed, mi pareja de entonces y yo decidimos tener sitio y dominio propio, as\u00ed que registramos <a href=\"https:\/\/www.zocalo.cl\/\" target=\"_blank\" rel=\"noopener noreferrer\">www.zocalo.cl<\/a> y aqu\u00ed alojamos tooodo lo que quisimos.<\/p>\n<figure style=\"width: 250px\" class=\"wp-caption aligncenter\"><img loading=\"lazy\" decoding=\"async\" src=\"https:\/\/www.zocalo.cl\/brujita\/imagenes\/sitio3.jpg\" alt=\"Versi\u00f3n 3.0\" width=\"250\" height=\"185\"><figcaption class=\"wp-caption-text\">Versi\u00f3n 3.0, 2002<\/figcaption><\/figure>\n<p>En la versi\u00f3n 3.0 reorganic\u00e9 los temas, cambi\u00e9 totalmente el dise\u00f1o y digamos que me puse m\u00e1s alegre en el colorido, adem\u00e1s le elimin\u00e9 los frames. Lo hice en Dreamweaver-Ultradev 4, y me hicieron toda la parte de los truquitos para hacer m\u00e1s din\u00e1micas las lecturas de las runas y el tarot&#8230; me modernic\u00e9. Fue puesta online en febrero del 2002.<\/p>\n<p>Tambi\u00e9n decid\u00ed incorporar cosas relacionadas con mi profesi\u00f3n: los textiles, tanto mi hobbie de tejer, como escritos sobre mis investigaciones.<\/p>\n<figure style=\"width: 250px\" class=\"wp-caption aligncenter\"><img loading=\"lazy\" decoding=\"async\" src=\"https:\/\/www.zocalo.cl\/brujita\/imagenes\/sitio4.jpg\" alt=\"Versi\u00f3n 4.0\" width=\"250\" height=\"171\"><figcaption class=\"wp-caption-text\">Versi\u00f3n 4.0, 2003<\/figcaption><\/figure>\n<p>La versi\u00f3n 4.0 fue un experimento en CSS. Me cabece\u00e9 por d\u00edas tratando de lograr armar el dise\u00f1o sin tablas y puse rect\u00e1ngulos de bordes redondeados (un cacho), pero como el dise\u00f1o se desarmaba demasiado en Opera, Mozilla y Netscape, tuve que poner una tabla de base. Adem\u00e1s nunca logr\u00e9 hacer que calzaran bien los fondos.<\/p>\n<p>Trat\u00e9 de utilizar al m\u00e1ximo mis conocimentos de CSS; el dise\u00f1o cumpl\u00eda con los est\u00e1ndares de la W3C y se ve\u00eda \u00f3ptimo en Explorer 6.0 en 800&#215;600. Era una versi\u00f3n m\u00e1s compleja del dise\u00f1o que hice para <strong><a href=\"https:\/\/www.zocalo.cl\/\" target=\"_blank\" rel=\"noopener noreferrer\">El Z\u00f3calo<\/a><\/strong>&nbsp;de entonces. Us\u00e9 Dreamweaver MX y Top Style 3.0 para los css.<\/p>\n<figure style=\"width: 250px\" class=\"wp-caption aligncenter\"><img loading=\"lazy\" decoding=\"async\" src=\"https:\/\/www.zocalo.cl\/brujita\/imagenes\/sitio5.jpg\" alt=\"Versi\u00f3n 5.0\" width=\"250\" height=\"188\"><figcaption class=\"wp-caption-text\">Versi\u00f3n 5.0, 2005<\/figcaption><\/figure>\n<p>En la versi\u00f3n 5.0, la idea era modificar el dise\u00f1o sin tocar el html, pero al final decid\u00ed sacar la tabla de base que ten\u00eda. Y eso ser\u00eda todo lo que toqu\u00e9 el c\u00f3digo. El resto fue s\u00f3lo modificar el CSS, era la \u00e9poca en que era top hacer sitios cambiando las cascadas de estilo. Por fin me result\u00f3 hacer unos fondos fundidos&#8230; aparte de que me di\u00f3 por las flores.<br \/>\nUs\u00e9 Dreamweaver MX 2004, Top Style Pro 3.10 y Photoshop 7.0. El dise\u00f1o cumpl\u00eda con lo est\u00e1ndares de la W3C. Fue puesta online el 3 de enero del 2005.<\/p>\n<figure style=\"width: 250px\" class=\"wp-caption aligncenter\"><img loading=\"lazy\" decoding=\"async\" src=\"https:\/\/www.zocalo.cl\/brujita\/imagenes\/sitio6.jpg\" alt=\"Versi\u00f3n 6.0\" width=\"250\" height=\"188\"><figcaption class=\"wp-caption-text\">Versi\u00f3n 6.0, 2006<\/figcaption><\/figure>\n<p>En la versi\u00f3n 6.0 lo \u00fanico que hice fue modificar el CSS &nbsp;-siguiendo la moda imperante en esos d\u00edas-, y en realidad s\u00f3lo cambi\u00e9 los colores y las im\u00e1genes&#8230; y ser\u00eda todo. Me fui en la floja,&nbsp;s\u00f3lo&nbsp;cambi\u00e9&nbsp;el brindis de la portada por un poema de Benedetti que me fascina. Us\u00e9 Dreamweaver MX, Top Style Pro 3, y Photoshop 7.0. Las im\u00e1genes del tema de ese a\u00f1o son de un mazo de tarot. Fue puesta online en los primeros d\u00edas de mayo del 2006. A fines de ese a\u00f1o incorporamos a todo <strong><a href=\"https:\/\/www.zocalo.cl\/\" target=\"_blank\" rel=\"noopener noreferrer\">El Z\u00f3calo<\/a><\/strong>&nbsp;los Adsense de Google.<\/p>\n<figure style=\"width: 250px\" class=\"wp-caption aligncenter\"><img loading=\"lazy\" decoding=\"async\" src=\"https:\/\/www.zocalo.cl\/brujita\/imagenes\/sitio7.jpg\" alt=\"Versi\u00f3n 7.0\" width=\"250\" height=\"188\"><figcaption class=\"wp-caption-text\">Versi\u00f3n 7.0, 2007<\/figcaption><\/figure>\n<p>En la versi\u00f3n 7.0 de nuevo se trataba de modificar s\u00f3lo el css, pero implic\u00f3 harto m\u00e1s trabajo, pues le agregu\u00e9 una columna al dise\u00f1o, lo que implic\u00f3&nbsp;meterme en el html. A lo largo del a\u00f1o fui incorporando m\u00e1s contenidos , como la secci\u00f3n <a href=\"https:\/\/www.zocalo.cl\/brujita\/?cat=1\">Reflejos Interiores<\/a>.&nbsp;Tambi\u00e9n agregu\u00e9 cosillas en la secci\u00f3n de <a href=\"https:\/\/www.zocalo.cl\/brujita\/?page_id=145\">Brujer\u00edas<\/a>, como todo el tema de las <a href=\"https:\/\/www.zocalo.cl\/brujita\/?page_id=21\">sanaciones<\/a>, y unos cuantos <a href=\"https:\/\/www.zocalo.cl\/brujita\/?page_id=359\">hor\u00f3scopos<\/a> nuevos. En la secci\u00f3n <a href=\"http:\/\/https:\/\/www.zocalo.cl\/?cat=3\">escritos<\/a> tambi\u00e9n hubo cosas nuevas. Retom\u00e9 la bella costumbre de escribir.<br \/>\nUs\u00e9 Dreamweaver 8, Photoshop 7.0 y Tops Style Pro 3.1.<\/p>\n<figure style=\"width: 250px\" class=\"wp-caption aligncenter\"><img loading=\"lazy\" decoding=\"async\" src=\"https:\/\/www.zocalo.cl\/brujita\/imagenes\/sitio7a.jpg\" alt=\"Versi\u00f3n 7.1, 2008\" width=\"250\" height=\"188\"><figcaption class=\"wp-caption-text\">Versi\u00f3n 7.1, 2008<\/figcaption><\/figure>\n<p>La versi\u00f3n versi\u00f3n 7.1 fue apurada, modificando s\u00f3lo el css, pues hubo que migrar el hosting urgente, y no valia la pena hacer algo mejor por un par de meses. Segu\u00ed usando los mismos programas de antes, no me renov\u00e9, jeje. Pero agruegu\u00e9 textos a <a href=\"https:\/\/www.zocalo.cl\/brujita\/?cat=1\">Reflejos Interiores<\/a>, pul\u00ed escritos, y retoqu\u00e9 una que otra cosa por aqu\u00ed y por all\u00e1. \u00a1Ah!, tambi\u00e9n cambi\u00e9 algunos de los a\u00f1ejos dibujos que me aburr\u00ed de reciclar.<\/p>\n<figure style=\"width: 250px\" class=\"wp-caption aligncenter\"><img loading=\"lazy\" decoding=\"async\" src=\"https:\/\/www.zocalo.cl\/brujita\/imagenes\/sitio8.jpg\" alt=\"Versi\u00f3n 8.0, 2009\" width=\"250\" height=\"188\"><figcaption class=\"wp-caption-text\">Versi\u00f3n 8.0, 2009<\/figcaption><\/figure>\n<p>La versi\u00f3n 8.0 fue cambio a full. Fue puesta online en la primera quincena de enero del 2009. Junto con la migraci\u00f3n de todo&nbsp;<strong><a href=\"https:\/\/www.zocalo.cl\/\" target=\"_blank\" rel=\"noopener noreferrer\">El Z\u00f3calo<\/a>&nbsp;<\/strong>a servidor php, wordpress hizo su entrada triunfal en todo el sitio, lo que implic\u00f3 volver a crear tooooooodo, p\u00e1gina por p\u00e1gina. Mi sitio fue el \u00faltimo en estar listo, de todos los que estaban en ese entonces dentro del dominio (6 subsitios, si mal no recuerdo). Fue muuuucha pega, \u00a1pero los 10 a\u00f1os del Rinc\u00f3n de la Brujita se lo merec\u00edan!<br \/>\nEl paso a wordpress implic\u00f3 abrir la secci\u00f3n de mis escritos a los comentarios de los visitantes&#8230;. entr\u00e9 en la era del blog, siguiendo el ejemplo de l<a title=\"Vida de Gatos\" href=\"https:\/\/www.zocalo.cl\/gatos\" target=\"_blank\" rel=\"noopener noreferrer\">os felinos<\/a>, jeje.<\/p>\n<figure style=\"width: 250px\" class=\"wp-caption aligncenter\"><img loading=\"lazy\" decoding=\"async\" src=\"https:\/\/www.zocalo.cl\/brujita\/imagenes\/sitio9.jpg\" alt=\"Versi\u00f3n 9.0, 2011\" width=\"250\" height=\"188\"><figcaption class=\"wp-caption-text\">Versi\u00f3n 9.0, 2011<\/figcaption><\/figure>\n<p>La siguiente versi\u00f3n fue la 9.0 y estuvo online ya cerca de los 12 a\u00f1os del sitio, en la primera quincena de febrero del 2012. Actualic\u00e9 wordpress y cambi\u00e9 el dise\u00f1o. El cambio de imagen con esta plataforma bloguera&nbsp;es haaarto m\u00e1s f\u00e1cil, es cosa de buscar una plantilla de mi agrado, reemplazar las&nbsp;im\u00e1genes, alg\u00fan retoque de la css por aqu\u00ed y por all\u00e1&#8230; y voil\u00e1!&nbsp;Por esos d\u00edas dise\u00f1\u00e9 un banner con im\u00e1genes de chakras, que tambi\u00e9n lo uso en mis tarjetas de visita.<\/p>\n<figure style=\"width: 250px\" class=\"wp-caption aligncenter\"><img loading=\"lazy\" decoding=\"async\" src=\"https:\/\/www.zocalo.cl\/brujita\/imagenes\/sitio10.jpg\" alt=\"Versi\u00f3n 10.0, 2012\" width=\"250\" height=\"188\"><figcaption class=\"wp-caption-text\">Versi\u00f3n 10.0, 2012<\/figcaption><\/figure>\n<p>La versi\u00f3n 10.0&#8230; wow, como pasa el tiempo!!&nbsp; Cambi\u00e9 el tema de wordpress -eleg\u00ed uno bien sencillo-, y revis\u00e9 hartos textos. Elimin\u00e9 la secci\u00f3n de fotograf\u00edas anal\u00f3gicas, pues ya no sub\u00ed m\u00e1s fotos. Facebook y la aparici\u00f3n de whatsapp provocaron cambios&nbsp;en el comportamiento de los lectores. Fue puesta online en los \u00faltimos d\u00edas de la era definida por los mayas, jaja, ya cerca del 21 de diciembre famoso del 2012.<\/p>\n<figure style=\"width: 250px\" class=\"wp-caption aligncenter\"><img loading=\"lazy\" decoding=\"async\" src=\"https:\/\/www.zocalo.cl\/brujita\/imagenes\/sitio11.jpg\" alt=\"Versi\u00f3n 11.0, 2012\" width=\"250\" height=\"188\"><figcaption class=\"wp-caption-text\">Versi\u00f3n 11.1, 2015<\/figcaption><\/figure>\n<p>La versi\u00f3n 11.0 tuvo corta vida, por remodelaci\u00f3n general de mis webs, eso fue a comienzos del 2015. la 11.1 fue buscando un dise\u00f1o m\u00e1s ad hoc a la www actual, sali\u00f3 al aire en mayo&nbsp;del 2015, tras 16 a\u00f1os en la web&#8230; my gosh! Es posterior a una serie de cambios internos. Elimin\u00e9&nbsp;las zona de viajes -que se fueron al otro <a href=\"https:\/\/www.zocalo.cl\/blog\/\" target=\"_blank\" rel=\"noopener noreferrer\">blog<\/a> y los tejidos&#8230; y por ah\u00ed entremedio decid\u00ed dejar de hacer cartas astrales.<\/p>\n<figure style=\"width: 250px\" class=\"wp-caption aligncenter\"><img loading=\"lazy\" decoding=\"async\" src=\"https:\/\/www.zocalo.cl\/brujita\/imagenes\/sitio12.jpg\" alt=\"Versi\u00f3n 12.0, 2012\" width=\"250\" height=\"188\"><figcaption class=\"wp-caption-text\">Versi\u00f3n 12, 2016<\/figcaption><\/figure>\n<p>La versi\u00f3n 12.0 dur\u00f3 casi un a\u00f1o. De tan estilizada y moderna&#8230; era poco clara para leerla. Me aburri\u00f3, costaba encontrar las \u00faltimas entradas del blog, y a veces no las mostraba. Y cambi\u00e9 el nombre de la web a En Amor a la Verdad.<\/p>\n<figure style=\"width: 250px\" class=\"wp-caption aligncenter\"><img loading=\"lazy\" decoding=\"async\" src=\"https:\/\/www.zocalo.cl\/brujita\/imagenes\/sitio13.jpg\" alt=\"\" width=\"250\" height=\"188\"><figcaption class=\"wp-caption-text\">Versi\u00f3n 13.0, marzo de 2017<\/figcaption><\/figure>\n<p>La versi\u00f3n 13.0&nbsp; sali\u00f3 al aire en los d\u00edas de marzo del 2017. Fue un cambio de plantilla de wordpress, sin grandes cambios, s\u00f3lo la est\u00e9tica.<\/p>\n<figure style=\"width: 400px\" class=\"wp-caption aligncenter\"><img loading=\"lazy\" decoding=\"async\" src=\"https:\/\/www.zocalo.cl\/brujita\/imagenes\/sitio14.jpg\" alt=\"\" width=\"400\" height=\"227\"><figcaption class=\"wp-caption-text\">Versi\u00f3n 14.0, 2019<\/figcaption><\/figure>\n<p>Esta fue la versi\u00f3n 14.0, mi web ya ten\u00eda 20 a\u00f1os, sali\u00f3 al aire en agosto de 2019. Ya&nbsp; me acostumbr\u00e9 a remozarla cada cierto tiempo. Ahora adem\u00e1s tengo fanpage e instagram. Las redes sociales van cambiando.<\/p>\n<p>Hoy voy en la versi\u00f3n 15.0\u2026 me dio la locura, esta web queda s\u00f3lo con los or\u00e1culos, y cambia de nombre a Or\u00e1culos, En Amor a la Verdad. Ahora me quedo en todas mis redes con el nombre <a href=\"http:\/\/zocalo.cl\/enamoralaverdad\/\" target=\"_blank\" rel=\"noopener noreferrer\">En Amor a la Verdad<\/a>, reflejo de mi camino de Vida, y me llevo todos los contenidos reflexivos y de terapia a esa web. Y estoy compartiendo esos contenidos en&nbsp;<a href=\"https:\/\/www.facebook.com\/enamoralaverdad\/\" target=\"_blank\" rel=\"noopener noreferrer\">facebook<\/a>&nbsp;e&nbsp;<a href=\"https:\/\/www.instagram.com\/enamoralaverdad\/\" target=\"_blank\" rel=\"noopener noreferrer\">instagram<\/a>.<\/p>\n<p>Suelo recibir comentarios de personas que me sigue desde los comienzos, y precisamente eso es lo que me hace seguir con un sitio personal que era toda una revoluci\u00f3n en 1999, y que ahora con las redes sociales es pan de cada d\u00eda.<\/p>\n<p>Espero que disfruten del sitio&#8230; Ver\u00f3nica.<\/p>\n","protected":false},"excerpt":{"rendered":"<p>Por si te interesa, te cuento que empec\u00e9 a trabajar en mi sitio el 4 de febrero de 1999, y lo puse en circulaci\u00f3n el 28 del mismo mes de ese supuesto \u00faltimo a\u00f1o del siglo, en Geocities, hogar de<\/p>\n","protected":false},"author":1,"featured_media":0,"parent":0,"menu_order":5,"comment_status":"closed","ping_status":"closed","template":"","meta":{"ngg_post_thumbnail":0,"_joinchat":[],"footnotes":""},"class_list":["post-138","page","type-page","status-publish","hentry"],"_links":{"self":[{"href":"https:\/\/www.zocalo.cl\/brujita\/wp-json\/wp\/v2\/pages\/138","targetHints":{"allow":["GET"]}}],"collection":[{"href":"https:\/\/www.zocalo.cl\/brujita\/wp-json\/wp\/v2\/pages"}],"about":[{"href":"https:\/\/www.zocalo.cl\/brujita\/wp-json\/wp\/v2\/types\/page"}],"author":[{"embeddable":true,"href":"https:\/\/www.zocalo.cl\/brujita\/wp-json\/wp\/v2\/users\/1"}],"replies":[{"embeddable":true,"href":"https:\/\/www.zocalo.cl\/brujita\/wp-json\/wp\/v2\/comments?post=138"}],"version-history":[{"count":0,"href":"https:\/\/www.zocalo.cl\/brujita\/wp-json\/wp\/v2\/pages\/138\/revisions"}],"wp:attachment":[{"href":"https:\/\/www.zocalo.cl\/brujita\/wp-json\/wp\/v2\/media?parent=138"}],"curies":[{"name":"wp","href":"https:\/\/api.w.org\/{rel}","templated":true}]}}